divided by 16 + 1*(-4 + c)?
10
Suppose -5*b + 19 = -1. What is the remainder when 13 is divided by b?
1
Suppose -2*v + 125 = 3*v. Calculate the remainder when v is divided by 3 + ((-3)/1 - -7).
4
Let k = -15 + 20. Suppose -k*y = -6*y + 41. Calculate the remainder when y is divided by 11.
8
Let n be 20 - (-16)/(12/(-3)). Calculate the remainder when 12/n - (-269)/4 is divided by 14.
12
Let o(p) = -p + 8. Let t = 12 - 8. Calculate the remainder when 10 is divided by o(t).
2
Let z be 2 + 3/(6/28). Let n = z - 6. Suppose n = 4*b - 10. Calculate the remainder when 14 is divided by b.
4
Let u(l) = 2*l**2 + 9*l - 1. Let a be u(-8). Suppose h - a = -17. Calculate the remainder when h is divided by 13.
12
Suppose 2*i + 2*i - 8 = 0. Suppose 3*f + 4*d - d = 33, -i*d - 2 = 0. Calculate the remainder when 46 is divided by f.
10
Let h = 5 - 4. Let p = 7 + 1. What is the remainder when 2 + 0 + h + 12 is divided by p?
7
Let y = -10 - -20. Let h = -5 + y. Suppose -6 = 2*b, -2*b = 5*f + 2*b - 58. What is the remainder when f is divided by h?
4
Calculate the remainder when 173 is divided by 3 + -3 + -2 + 46.
41
Suppose 61 = 5*o - 159. What is the remainder when 174 is divided by o?
42
Suppose -4*o + 0*o - 4 = 0. Calculate the remainder when (-124)/(-4) + 0/o is divided by 11.
9
Suppose -5*s + d - 5 = 0, 4*s + d + 9 = 2*s. What is the remainder when 11/(s/(-40)*4) is divided by 14?
13
Suppose 0 = s - 3 - 4. What is the remainder when -18*(-1)/3*2 is divided by s?
5
Calculate the remainder when 38 + -6 + 6 + -4 is divided by 13.
8
Suppose 3*l = 5*l - 2. What is the remainder when 13/((-3 + l)/(-2)) is divided by 7?
6
Let w = 0 + -3. Let g = 9 + w. What is the remainder when 16 is divided by g?
4
Let m(t) = -t**3 - 4*t**2 - 5*t. Let g = 65 - 43. Suppose 5*d - 212 = -g. What is the remainder when d is divided by m(-4)?
18
Suppose -i + 0 + 40 = 4*t, 4*i = 2*t - 20. Calculate the remainder when t is divided by 3.
1
Let t = 30 - 13. Calculate the remainder when (-4)/(16/(-198)) - 1/(-2) is divided by t.
16
Suppose 53 = -3*t + 56. Let r be 1/(1 + (-5)/4). Let m(q) = q**2 + 5*q + 6. Calculate the remainder when m(r) is divided by t.
0
Suppose -4*k + 0*q + 30 = -2*q, 5*k - 4*q = 33. Let j be -5*1*(-8 - -7). Suppose 0 = j*w + 43 - 118. Calculate the remainder when w is divided by k.
6
What is the remainder when 7 is divided by 5/(-10) + 11/2?
2
Suppose -8*d + 3*d = 15. Let y = -13 - d. Let z = 4 - y. Calculate the remainder when 26 is divided by z.
12
Suppose 0 = -4*i + 3*c + 26, -2*c = i + i - 20. What is the remainder when 46 is divided by i?
6
Let g = -18 - -21. Calculate the remainder when 22 is divided by g.
1
Let y(p) = 124*p - 3. Let j be y(5). Suppose r = 5*z + 2*r - j, z + 4*r - 112 = 0. What is the remainder when z/9 - (-6)/27 is divided by 5?
4
Let v be ((-3)/3 - 0) + 50. Calculate the remainder when -1*v*-1*1 is divided by 13.
10
Let g(t) = 4*t + 3. Calculate the remainder when 13 is divided by g(1).
6
Suppose -50 = 5*f + 55. Let n = -22 + 10. Let t = n - f. Calculate the remainder when 25 is divided by t.
7
Let f = 3 + -1. Suppose -4*o - f*k = k - 66, -5*o + 5*k = -65. What is the remainder when o is divided by 8?
7
Let h(y) = 2*y**2 - 2*y + 3. Let f be h(2). Let k(j) = 2*j - 5. Let c be k(f). Let m = 13 + c. What is the remainder when m is divided by 8?
6
Let m be -1 + 2 - (41 - 2). Let n = 6 - m. Suppose 0 = -3*t - t + n. Calculate the remainder when 20 is divided by t.
9
Let u = 21 - 9. What is the remainder when 21 is divided by u?
9
Calculate the remainder when 26 is divided by 11*(3 - (-1 - -3)).
4
Let t(s) = -s**3 + 5*s**2 + 7*s - 5. What is the remainder when (-10)/(-14) - (-4)/14 is divided by t(6)?
0
Suppose 340 = -0*g + 5*g. Calculate the remainder when g/(1 + (3 - 2)) is divided by 12.
10
Let c(o) = -o**3 + 14*o**2 - 3*o + 28. What is the remainder when c(13) is divided by 32?
30
Let g(f) = 4*f - 2*f + 6*f**2 - 5 - f**3 + 0. Let w(o) = -o**3 + 6*o**2 - 5*o. Calculate the remainder when w(4) is divided by g(6).
5
Suppose 32 - 8 = 4*t - 4*x, -4*x = t - 6. Suppose -s - 12 = -4*s. Calculate the remainder when t is divided by s.
2
Let l = -11 + 4. Let z = -1 - l. What is the remainder when (-42 - -3)*(-4)/z is divided by 14?
12
Suppose 3*q + 40 = h - q, 0 = 3*q. What is the remainder when h is divided by 7?
5
Let f(y) = y**3 + 2*y**2 - y. Let n = 8 - -7. Let x = 69 - n. Calculate the remainder when x is divided by f(2).
12
Suppose 5*m - 4 - 6 = 0. Calculate the remainder when 2 is divided by m.
0
Let n be (2 - -1)*(-4)/(-6). What is the remainder when 34 is divided by ((-90)/25)/(n/(-10))?
16
Let i be (92 - -2)*(-1)/(-2). Suppose a - 2*p - i = -4*a, a - 27 = -4*p. Calculate the remainder when (-2)/3*441/(-14) is divided by a.
10
Suppose -47 = 5*g + 98. Let p = -6 - g. Let y = 38 - 26. What is the remainder when p is divided by y?
11
Suppose -75 = 6*k - 9*k. Calculate the remainder when k is divided by 14.
11
Let k(h) = -4*h - 8. Let m be k(-4). Suppose -i - m + 32 = 0. Calculate the remainder when 46 is divided by i.
22
Let g = 34 + -22. Let n = 2 - 0. Suppose 0 = 4*p - 2*d - 78, -n*d = -2*p - 4*d + 54. What is the remainder when p is divided by g?
10
Let v be (-7)/(-2) + (-6)/(-4). Suppose 0 = 5*d - 4*n - 46, 0 = v*d + 6*n - 4*n - 52. Calculate the remainder when 29 is divided by d.
9
Let z = -67 - -110. Let q = 19 + -4. What is the remainder when z is divided by q?
13
Let x(a) be the third derivative of 0*a - 1/10*a**5 - 1/3*a**4 + 1/120*a**6 + 3/2*a**3 + 0 + a**2. What is the remainder when 5 is divided by x(7)?
1
Suppose f - 175 = 5*r, 97 = 3*f + 5*r - 348. Suppose 0 = 4*y - 3*n - f, y + 5*n = -2*y + 109. What is the remainder when y is divided by 10?
8
Suppose 4*b + 4 = 3*b. Let u(m) = m**3 + 6*m**2 + 6*m + 6. Calculate the remainder when 24 is divided by u(b).
10
Let k be 0 - 2 - -1 - -57. Let u = -51 + 67. Suppose -5*z - u + k = 0. Calculate the remainder when 15 is divided by z.
7
Let f(m) be the third derivative of m**5/60 + m**4/4 - 13*m**3/6 - 3*m**2. What is the remainder when 41 is divided by f(-9)?
13
Suppose 6*r - 9 = 3*r. Let c be ((-18)/15)/(3/10). Let q(a) = -a**2 - 6*a - 1. Calculate the remainder when q(c) is divided by r.
1
Suppose -4*m + 2*f + 2*f + 48 = 0, 2*m - 54 = -4*f. What is the remainder when 30 is divided by m?
13
Let d = 112 + -41. What is the remainder when d is divided by 25?
21
Let z = 11 - 3. What is the remainder when 23 is divided by z?
7
Let u(h) = 2*h**2 + 4*h + 14. Calculate the remainder when 117 is divided by u(-4).
27
Suppose 3*n = j - 4*j + 576, -376 = -2*n + 2*j. Calculate the remainder when n is divided by 16.
14
Suppose 0 = 2*x - 8 - 10. What is the remainder when x is divided by 2?
1
Suppose -8*y = 2*y - 50. Calculate the remainder when 10 is divided by y.
0
Suppose a - 5*f + 31 = -4, 0 = a - 2*f + 20. Let t(r) be the first derivative of -r**3/3 - 11*r**2/2 - r + 1. Calculate the remainder when t(a) is divided by 3.
0
Suppose 0 = 5*s + 29 - 9. Let c = s + 8. What is the remainder when 62 is divided by 62/c + (-1)/(-2)?
14
Suppose -23 = -5*q + 67. What is the remainder when 31 is divided by q?
13
Suppose -2*l = -23 + 15. Let p = 6 + -4. Suppose -l*w + 8 = 2*h, -3*w = -p*h - 3 - 10. Calculate the remainder when 5 is divided by w.
2
Suppose -i + o = -21, -4*i + o = -o - 84. What is the remainder when 76 is divided by i?
13
Suppose -4*n + 176 = -8. Let d = -25 + n. Calculate the remainder when d is divided by 13 + (-1 + 3)/(-1).
10
Let j be (-3 + 1)*51/6. What is the remainder when j/(-1) + (-2 - -1) is divided by 6?
4
Suppose 0 = 2*o - 3*o + 14. Calculate the remainder when o is divided by 4.
2
Suppose -2*b + 3*b - 35 = 0. Calculate the remainder when b is divided by -9*(1 - (0 + 2)).
8
Suppose 2*i + 10 = -6*c + 3*c, -2*i = -4*c - 32. Suppose -3*n + 7 = -2. What is the remainder when 14/3*(-9)/c is divided by n?
1
What is the remainder when 108 is divided by (-4 - -6) + -5 + 40?
34
Suppose n - 5*l - 5 = -2*l, 0 = 3*n - 5*l - 31. What is the remainder when n is divided by 9?
8
Let c(q) = 10*q + 1. Let d be c(-1). Suppose 4*w - 3*u = 190, -4*w = -2*w + 4*u - 106. Calculate the remainder when w is divided by 3/d + 52/3.
15
Let t = 60 - 29. Calculate the remainder when 90 is divided by t.
28
Suppose -46 = -